at is the units digit of g(o)?
3
Let p(b) = -b**3 - 6*b**2 - b + 2. Let i be p(-6). Suppose 30 - i = 2*t. Suppose 0 = -2*a - 5*v - 0*v - 23, -a + 2*v + t = 0. What is the units digit of a?
1
Let w = -377 - -570. What is the tens digit of w?
9
Suppose -s + 25 = -5*l, 0 = -2*s - s + l + 5. What is the units digit of 2*-1 + s + 11?
9
Let a = -375 - -646. What is the units digit of a?
1
Suppose -2*z - z + 12 = 0. Suppose i - 11 = z*t, 2*t + 6 = i - 7. What is the tens digit of i?
1
Suppose 4*o - 9 = -1. Suppose h + 0*h - x - 17 = 0, 0 = 5*h - o*x - 70. What is the units digit of h?
2
Suppose 268 = 5*n - 217. What is the tens digit of n?
9
Let u be (-1 + -2)/6*78. Let g = -28 - u. What is the units digit of g?
1
Let y = 41 + -28. What is the tens digit of y?
1
Suppose -k = 3*k - 136. What is the units digit of k?
4
Let h be ((-2)/2)/(1/(-6)). Let a(k) = -6*k. Let i be a(-3). What is the units digit of 4/i*12*h?
6
Let z = 2 + 28. What is the tens digit of z?
3
Let c(m) = m + 8. What is the units digit of c(5)?
3
Suppose 765 = 2*n + 3*n. Suppose -3*v - 5*y = -142, -5*v + y + n = -65. What is the tens digit of v?
4
Suppose 114 = 4*r - 2*r. Let g be r + (-3 + 0)/3. Suppose 0 = 4*j + 4*z - g, -3*j + 14 = z - 5*z. What is the tens digit of j?
1
Let r(w) = w - 1. Let t be r(6). Suppose -4*g = -t*g. Suppose g = f + 3*f - 48. What is the units digit of f?
2
Let g be (-139)/4 - 2/8. Let l = -20 - g. What is the tens digit of l?
1
Suppose 0 = 3*t - d - 3*d - 226, 0 = -3*t + 2*d + 224. Let g = t + -53. What is the units digit of g?
1
Suppose -5*s - 15 = -310. What is the units digit of s?
9
Let v be (-45)/(-2)*(-2)/(-3). Let g = v + -9. Let c = g - 4. What is the units digit of c?
2
Let b = -4 - -9. Suppose 4*u = b*y + 107, 4*u - 3*y = 2*u + 51. Suppose 0 = s + 2*s - u. What is the units digit of s?
1
Suppose -u + 4*u - 15 = 0. Let z = -4 - -13. Suppose -2*l + u*l = z. What is the units digit of l?
3
Let c = -22 - -41. What is the tens digit of c?
1
Let k be 2/3 + (-24)/(-18). Let v = k + -1. What is the units digit of -2 + v + (0 - -3)?
2
Suppose 0 = -11*w + 12*w - 66. What is the tens digit of w?
6
Suppose 5*x = -f + 160, -5*f - 4*x + x + 888 = 0. What is the hundreds digit of f?
1
Let v = 17 - 2. Suppose 131 = 4*u + v. What is the tens digit of u?
2
Let d(w) = 7*w - 2. What is the units digit of d(3)?
9
Suppose -4*r - 8 = -4*d, -2*r = -5*d + r + 12. Suppose 10 = d*c - 5, 3*v = -c + 101. What is the units digit of v?
2
Let q be (-1)/(-3) - (-70)/6. Suppose -2*k + 5*m - 6 = 0, -5*k + 4 = -2*k - m. Suppose s = -k*s + q. What is the units digit of s?
4
Let p(d) = 4*d - d**2 - 4*d - 4*d + 49*d**3 + 5*d. Let m be p(1). Let v = m - 30. What is the tens digit of v?
1
Suppose 5*n = -10 + 30. Suppose -15 = -5*d, -2*d - 1 = -n*j + 17. What is the units digit of j?
6
Let y(g) be the second derivative of 4/3*g**3 + 0 + 1/12*g**4 - 2*g**2 - 4*g. What is the units digit of y(-9)?
5
Let x(l) = 2*l**2 - 4*l - 10. What is the tens digit of x(-5)?
6
Suppose 0*s = -4*w + 4*s + 384, -4*s - 192 = -2*w. What is the tens digit of w?
9
Let k be -84*(21/9 - 3). Suppose 3*p + p = k. Suppose -6 = 2*h - p. What is the units digit of h?
4
Let h(c) = -5*c**2 - 1. Let s be h(1). Let k = -2 - s. Suppose -2*n = 2*o - 16, o + k = 9. What is the units digit of n?
3
Suppose 5*a - 67 = -2. What is the units digit of a?
3
Suppose 2*q = -57 + 377. What is the hundreds digit of q?
1
Suppose 3*t - 5*h = 4, -10 = -4*t - 0*t + 2*h. What is the units digit of 8 - t/(-3)*1?
9
Suppose v - 6 = 4*v, -5*f - 10 = 5*v. Suppose -2*b + 31 = 2*z - 21, 3*b - 4*z - 85 = f. What is the tens digit of b?
2
What is the units digit of ((-4)/3)/((-80)/180)?
3
Let i = -11 - -42. Let b = i - 16. What is the units digit of b?
5
Let x = 9 + 1. Suppose -82 = -4*o + x. What is the units digit of o?
3
Suppose -2*i = 2*h + 2*i - 54, i - 23 = -h. What is the units digit of h?
9
Suppose -3*j + j = -52. What is the units digit of j?
6
Let w be 4 + -2*(-9)/(-6). Let n be (w + -2)*(-6)/2. What is the units digit of n/6 + 26/4?
7
Let u = -35 + 25. Let d = 13 - u. What is the units digit of d?
3
Let t(o) = -o**3 + 4*o**2 + 7*o - 5. Let f be t(5). Let m = f + 7. What is the tens digit of m?
1
Let d(v) be the second derivative of v**5/20 - 3*v**4/4 + 5*v**3/6 - 11*v**2 + 10*v. What is the tens digit of d(9)?
2
Suppose -2*q = q - 27. Suppose 0 = 3*n - q - 6. Let r = 6 - n. What is the units digit of r?
1
Let o be ((-4)/(-6))/(5/30). Suppose o*f - 2*b = 48, -2*f = -2*b + 3*b - 20. What is the tens digit of (-2)/(-1) + f + -2?
1
Suppose 2*r = 7*r - 5. What is the units digit of r?
1
Suppose -10 = -t - t. Suppose -10 + 0 = -t*a. What is the units digit of a/((-2)/(-3)) + 3?
6
Let n(t) = t - 1. Let w(o) = -o**2 - 4*o - 3. Let h be w(-2). Let d(c) = c**2 - 3*c + 4. Let x(z) = h*d(z) + 6*n(z). What is the units digit of x(-4)?
2
Let n be (-2)/4*(26 - 2). Let o = 31 + n. What is the tens digit of o?
1
What is the units digit of ((-6)/5)/((-2)/75)?
5
Suppose -2*s + 6*s - 97 = -5*p, -69 = -3*s - 3*p. Let c be 2 + -1 - -2 - s. Let a = -9 - c. What is the units digit of a?
6
Suppose 67 = k - z, z + 0 = 1. What is the tens digit of k?
6
Suppose 2*r = 3*k - 5, -5*k - 2*r + 0*r = -19. Let w = k + 3. What is the units digit of w?
6
Let d = 143 + -82. What is the tens digit of d?
6
Let u = 127 + -67. Let f = -40 + u. What is the units digit of f?
0
Suppose -g - 10 = -3*g. What is the units digit of g/(-5) + (-8)/(-1)?
7
Let d = -392 + 676. What is the tens digit of d?
8
Let p(y) = 7*y**2 - y. Let c(s) = -2*s**2 + 1. Let w be c(1). Let d be p(w). What is the units digit of (-1 - 3)*(-4)/d?
2
Suppose 2 = 2*t - 0, 58 = c + 4*t. What is the units digit of c?
4
Let d(v) be the first derivative of -3*v**2/2 - 14*v - 2. What is the tens digit of d(-11)?
1
Let n = 6 + -8. Let g(q) = -q + 1. Let r be g(n). Suppose -24 = -r*o + 6. What is the tens digit of o?
1
Suppose -w = j - 238, 2*j - 709 = -3*w + 4*j. What is the tens digit of w?
3
Let m(k) = -k**2 + 9*k - 5. Let h be m(5). What is the units digit of (25/h)/(2/6)?
5
Suppose x - 12 - 18 = -4*z, -3*x = 5*z - 34. Let m be 4/z - (-6)/(-4). What is the units digit of (m/(-3))/((-4)/(-12))?
1
Let i(b) be the second derivative of -b**4/12 + 3*b**3/2 - 3*b. What is the tens digit of i(7)?
1
What is the hundreds digit of 268 + (5 - 12/4)?
2
Suppose -3*q - 5*t = 30, -6 + 26 = -q - 5*t. Let b(x) = -8*x - 8. Let j(d) = -12*d - 12. Let c(a) = q*j(a) + 8*b(a). What is the tens digit of c(-5)?
1
Let u = 172 - 75. What is the tens digit of u?
9
Let a(p) = p**3 - 14*p**2 + 14*p + 8. Let j(s) = s**3 - 15*s**2 + 15*s + 9. Let x(z) = 5*a(z) - 4*j(z). What is the tens digit of x(9)?
1
Suppose -2*t + 0*t = -k - 119, -5*k = -t + 73. What is the units digit of t?
8
Let m be 1 + (-2 - -1) + 7. Suppose 4*a = s - 8, m*s + 3*a = 4*s - 6. Suppose t = -s*t + 5. What is the units digit of t?
5
Suppose -2*g + 1 = 13. Let z be (-24)/(-9)*g/(-4). Suppose z*j - 4 = 4. What is the units digit of j?
2
Suppose r + 3*n + 61 = 3*r, 5 = -5*n. Let u = r + -10. What is the units digit of u?
9
Let p(v) = v**3 - 7*v**2 + 10*v + 9. What is the units digit of p(6)?
3
Let l = -3 + 5. Let z(w) = 2*w**3 + 2*w**2 - 4*w + 2. Let y be z(2). Suppose -l*p + 0*p + y = 0. What is the units digit of p?
9
Suppose q - 2 = p, 0 = -3*q - 0*q - 5*p + 14. Let g(d) = -d**3 + 2*d**2 + 5*d - 2. Let h be g(q). What is the units digit of (h - 4) + 15 + 1?
6
What is the units digit of (45/20)/(3/8)?
6
Suppose 0*w - 3*w + 9 = 0. Let g be (-7)/(-3) + (-3)/9. Suppose 4 = w*j - g*j. What is the units digit of j?
4
Suppose y - 2*y - 3*i + 122 = 0, 5*i - 5 = 0. What is the hundreds digit of y?
1
Suppose d - 5*d - 152 = 0. Let g = d - -17. Let u = -12 - g. What is the units digit of u?
9
Suppose -10*q + 22*q = 2088. What is the hundreds digit of q?
1
Suppose -r + 9 = 2*p - 0*r, -2*r = -10. Suppose p*x = -3*x + 15. Suppose 15 = 2*i - x*d, 26 = 7*i - 2*i + 4*d. What is the units digit of i?
6
Let k(f) = 4*f + 5. Let j be k(4). Let p = -13 + j. What is the units digit of p?
8
Suppose 5*t - 12 - 3 = 0. Let g = t + 21. What is the units digit of g?
4
Let w(k) = k**3 + 4*k**2 - 6*k - 5. Let s be w(-5). Suppose s = -0*f + f - 31. What is the units digit of f?
1
What is the hundreds di